{"id":174,"date":"2025-05-18T21:45:49","date_gmt":"2025-05-18T19:45:49","guid":{"rendered":"https:\/\/facts.ath.cx\/facts-and-media\/?page_id=174"},"modified":"2025-07-19T16:35:21","modified_gmt":"2025-07-19T14:35:21","slug":"die-wochenend-show","status":"publish","type":"page","link":"https:\/\/facts.ath.cx\/facts-and-media\/die-wochenend-show\/","title":{"rendered":"Die Wochenend Show !!!"},"content":{"rendered":"\n<blockquote class=\"wp-block-quote is-layout-flow wp-block-quote-is-layout-flow\">\n<p>&#8230;ehrlich zusammengefasst&#8230;<\/p>\n<\/blockquote>\n\n\n\n<figure class=\"wp-block-embed is-type-video is-provider-youtube wp-block-embed-youtube wp-embed-aspect-16-9 wp-has-aspect-ratio\"><div class=\"wp-block-embed__wrapper\">\n<iframe loading=\"lazy\" title=\"Es doch nur unser Geld,doch es wird immer verr\u00fcckter! \" width=\"840\" height=\"473\" src=\"https:\/\/www.youtube.com\/embed\/pJ7Ex85ZA8U?feature=oembed\" frameborder=\"0\" allow=\"accelerometer; autoplay; clipboard-write; encrypted-media; gyroscope; picture-in-picture; web-share\" referrerpolicy=\"strict-origin-when-cross-origin\" allowfullscreen><\/iframe>\n<\/div><\/figure>\n\n\n\n<figure class=\"wp-block-embed is-type-video is-provider-youtube wp-block-embed-youtube wp-embed-aspect-16-9 wp-has-aspect-ratio\"><div class=\"wp-block-embed__wrapper\">\n<iframe loading=\"lazy\" title=\"\u26a0\ufe0f Wochenr\u00fcckblick deluxe! Festhalten\ud83d\ude02\" width=\"840\" height=\"473\" src=\"https:\/\/www.youtube.com\/embed\/fHCugtIJpl8?feature=oembed\" frameborder=\"0\" allow=\"accelerometer; autoplay; clipboard-write; encrypted-media; gyroscope; picture-in-picture; web-share\" referrerpolicy=\"strict-origin-when-cross-origin\" allowfullscreen><\/iframe>\n<\/div><\/figure>\n\n\n\n<figure class=\"wp-block-embed is-type-video is-provider-youtube wp-block-embed-youtube wp-embed-aspect-16-9 wp-has-aspect-ratio\"><div class=\"wp-block-embed__wrapper\">\n<iframe loading=\"lazy\" title=\"Wochenr\u00fcckblick.War es das mit Europa? Migrationsfolgen unumkehrbar?!\" width=\"840\" height=\"473\" src=\"https:\/\/www.youtube.com\/embed\/VGkM5YBKCWY?feature=oembed\" frameborder=\"0\" allow=\"accelerometer; autoplay; clipboard-write; encrypted-media; gyroscope; picture-in-picture; web-share\" referrerpolicy=\"strict-origin-when-cross-origin\" allowfullscreen><\/iframe>\n<\/div><\/figure>\n\n\n\n<figure class=\"wp-block-embed is-type-video is-provider-youtube wp-block-embed-youtube wp-embed-aspect-16-9 wp-has-aspect-ratio\"><div class=\"wp-block-embed__wrapper\">\n<iframe loading=\"lazy\" title=\"R\u00fcckblick des Grauens \ud83d\ude02. Tolle Veranstaltung in Memmingen zu 500 Bauernkrieg \ud83d\ude4f\" width=\"840\" height=\"473\" src=\"https:\/\/www.youtube.com\/embed\/pLe9h9hROuM?feature=oembed\" frameborder=\"0\" allow=\"accelerometer; autoplay; clipboard-write; encrypted-media; gyroscope; picture-in-picture; web-share\" referrerpolicy=\"strict-origin-when-cross-origin\" allowfullscreen><\/iframe>\n<\/div><\/figure>\n\n\n\n<figure class=\"wp-block-embed is-type-video is-provider-youtube wp-block-embed-youtube wp-embed-aspect-16-9 wp-has-aspect-ratio\"><div class=\"wp-block-embed__wrapper\">\n<iframe loading=\"lazy\" title=\"Ihr \ud83d\ude02 euch schlapp. Wochenr\u00fcckblick extra \ud83c\udf36\ufe0f \ud83d\ude02\" width=\"840\" height=\"473\" src=\"https:\/\/www.youtube.com\/embed\/UKf80V5WLKA?feature=oembed\" frameborder=\"0\" allow=\"accelerometer; autoplay; clipboard-write; encrypted-media; gyroscope; picture-in-picture; web-share\" referrerpolicy=\"strict-origin-when-cross-origin\" allowfullscreen><\/iframe>\n<\/div><\/figure>\n\n\n\n<figure class=\"wp-block-embed is-type-video is-provider-youtube wp-block-embed-youtube wp-embed-aspect-16-9 wp-has-aspect-ratio\"><div class=\"wp-block-embed__wrapper\">\n<iframe loading=\"lazy\" title=\"Wochenr\u00fcckblick. Was ist blo\u00df los \ud83c\udde9\ud83c\uddea\" width=\"840\" height=\"473\" src=\"https:\/\/www.youtube.com\/embed\/bQmaeZZL_KM?feature=oembed\" frameborder=\"0\" allow=\"accelerometer; autoplay; clipboard-write; encrypted-media; gyroscope; picture-in-picture; web-share\" referrerpolicy=\"strict-origin-when-cross-origin\" allowfullscreen><\/iframe>\n<\/div><\/figure>\n\n\n\n<figure class=\"wp-block-embed is-type-video is-provider-youtube wp-block-embed-youtube wp-embed-aspect-16-9 wp-has-aspect-ratio\"><div class=\"wp-block-embed__wrapper\">\n<iframe loading=\"lazy\" title=\"Gel\u00f6scht und wieder da.Wochenr\u00fcckblick \ud83d\ude02. Wenn im Herbst nicht Millionen \ud83c\udde9\ud83c\uddea auf der Stra\u00dfe sind \ud83e\udd37\u200d\u2642\ufe0f\" width=\"840\" height=\"473\" src=\"https:\/\/www.youtube.com\/embed\/vItWKg3-D_U?start=1539&#038;feature=oembed\" frameborder=\"0\" allow=\"accelerometer; autoplay; clipboard-write; encrypted-media; gyroscope; picture-in-picture; web-share\" referrerpolicy=\"strict-origin-when-cross-origin\" allowfullscreen><\/iframe>\n<\/div><\/figure>\n\n\n\n<figure class=\"wp-block-embed is-type-video is-provider-youtube wp-block-embed-youtube wp-embed-aspect-16-9 wp-has-aspect-ratio\"><div class=\"wp-block-embed__wrapper\">\n<iframe loading=\"lazy\" title=\"Unser bester Wochenr\u00fcckblick \ud83d\ude02. \u2764\ufe0f-lichen Dank f\u00fcr eure unglaubliche Unterst\u00fctzung. \ud83d\ude4f\ud83d\ude9c\" width=\"840\" height=\"473\" src=\"https:\/\/www.youtube.com\/embed\/qErB_J2PrLw?feature=oembed\" frameborder=\"0\" allow=\"accelerometer; autoplay; clipboard-write; encrypted-media; gyroscope; picture-in-picture; web-share\" referrerpolicy=\"strict-origin-when-cross-origin\" allowfullscreen><\/iframe>\n<\/div><\/figure>\n\n\n\n<figure class=\"wp-block-embed is-type-video is-provider-youtube wp-block-embed-youtube wp-embed-aspect-16-9 wp-has-aspect-ratio\"><div class=\"wp-block-embed__wrapper\">\n<iframe loading=\"lazy\" title=\"AfD oder Linke,mit wem CDU? Wochenr\u00fcckblick mit Witz der aber traurig ist!\" width=\"840\" height=\"473\" src=\"https:\/\/www.youtube.com\/embed\/5jJDxwJ39eQ?feature=oembed\" frameborder=\"0\" allow=\"accelerometer; autoplay; clipboard-write; encrypted-media; gyroscope; picture-in-picture; web-share\" referrerpolicy=\"strict-origin-when-cross-origin\" allowfullscreen><\/iframe>\n<\/div><\/figure>\n\n\n\n<figure class=\"wp-block-embed is-type-video is-provider-youtube wp-block-embed-youtube wp-embed-aspect-16-9 wp-has-aspect-ratio\"><div class=\"wp-block-embed__wrapper\">\n<iframe loading=\"lazy\" title=\"Wochenr\u00fcckblick, sind wir so bl\u00f6d oder naiv? Strafbefehle angekommen, wir werden uns wehren \u2757\ufe0f\" width=\"840\" height=\"473\" src=\"https:\/\/www.youtube.com\/embed\/q8ln24tFTN0?feature=oembed\" frameborder=\"0\" allow=\"accelerometer; autoplay; clipboard-write; encrypted-media; gyroscope; picture-in-picture; web-share\" referrerpolicy=\"strict-origin-when-cross-origin\" allowfullscreen><\/iframe>\n<\/div><\/figure>\n\n\n\n<figure class=\"wp-block-embed is-type-video is-provider-youtube wp-block-embed-youtube wp-embed-aspect-16-9 wp-has-aspect-ratio\"><div class=\"wp-block-embed__wrapper\">\n<iframe loading=\"lazy\" title=\"Wochenr\u00fcckblick \ud83d\udc07.Immer verr\u00fcckter \ud83e\udd26\ud83d\ude02 Frohe Ostern Freunde \ud83d\ude4f\u2764\ufe0f\" width=\"840\" height=\"473\" src=\"https:\/\/www.youtube.com\/embed\/CXXgZkjEVHU?feature=oembed\" frameborder=\"0\" allow=\"accelerometer; autoplay; clipboard-write; encrypted-media; gyroscope; picture-in-picture; web-share\" referrerpolicy=\"strict-origin-when-cross-origin\" allowfullscreen><\/iframe>\n<\/div><\/figure>\n\n\n\n<figure class=\"wp-block-embed is-type-video is-provider-youtube wp-block-embed-youtube wp-embed-aspect-16-9 wp-has-aspect-ratio\"><div class=\"wp-block-embed__wrapper\">\n<iframe loading=\"lazy\" title=\"\ud83d\udcaa Wochenr\u00fcckblick der erschreckt \ud83e\udd26\" width=\"840\" height=\"473\" src=\"https:\/\/www.youtube.com\/embed\/XhtAk4WQRD4?start=2&#038;feature=oembed\" frameborder=\"0\" allow=\"accelerometer; autoplay; clipboard-write; encrypted-media; gyroscope; picture-in-picture; web-share\" referrerpolicy=\"strict-origin-when-cross-origin\" allowfullscreen><\/iframe>\n<\/div><\/figure>\n\n\n\n<figure class=\"wp-block-embed is-type-video is-provider-youtube wp-block-embed-youtube wp-embed-aspect-16-9 wp-has-aspect-ratio\"><div class=\"wp-block-embed__wrapper\">\n<iframe loading=\"lazy\" title=\"AfD oder Linke,mit wem CDU? Wochenr\u00fcckblick mit Witz der aber traurig ist!\" width=\"840\" height=\"473\" src=\"https:\/\/www.youtube.com\/embed\/5jJDxwJ39eQ?feature=oembed\" frameborder=\"0\" allow=\"accelerometer; autoplay; clipboard-write; encrypted-media; gyroscope; picture-in-picture; web-share\" referrerpolicy=\"strict-origin-when-cross-origin\" allowfullscreen><\/iframe>\n<\/div><\/figure>\n\n\n\n<figure class=\"wp-block-embed is-type-video is-provider-youtube wp-block-embed-youtube wp-embed-aspect-16-9 wp-has-aspect-ratio\"><div class=\"wp-block-embed__wrapper\">\n<iframe loading=\"lazy\" title=\"Spezial zur AfD. \ud83c\udde9\ud83c\uddea auf Abwegen \ud83e\udd37\u200d\u2642\ufe0f\" width=\"840\" height=\"473\" src=\"https:\/\/www.youtube.com\/embed\/pxXajRnOWk0?feature=oembed\" frameborder=\"0\" allow=\"accelerometer; autoplay; clipboard-write; encrypted-media; gyroscope; picture-in-picture; web-share\" referrerpolicy=\"strict-origin-when-cross-origin\" allowfullscreen><\/iframe>\n<\/div><\/figure>\n\n\n\n<figure class=\"wp-block-embed is-type-video is-provider-youtube wp-block-embed-youtube wp-embed-aspect-16-9 wp-has-aspect-ratio\"><div class=\"wp-block-embed__wrapper\">\n<iframe loading=\"lazy\" title=\"Wochenr\u00fcckblick, sind wir so bl\u00f6d oder naiv? Strafbefehle angekommen, wir werden uns wehren \u2757\ufe0f\" width=\"840\" height=\"473\" src=\"https:\/\/www.youtube.com\/embed\/q8ln24tFTN0?feature=oembed\" frameborder=\"0\" allow=\"accelerometer; autoplay; clipboard-write; encrypted-media; gyroscope; picture-in-picture; web-share\" referrerpolicy=\"strict-origin-when-cross-origin\" allowfullscreen><\/iframe>\n<\/div><\/figure>\n\n\n\n<figure class=\"wp-block-embed is-type-video is-provider-youtube wp-block-embed-youtube wp-embed-aspect-16-9 wp-has-aspect-ratio\"><div class=\"wp-block-embed__wrapper\">\n<iframe loading=\"lazy\" title=\"Wochenr\u00fcckblick \ud83d\udc07.Immer verr\u00fcckter \ud83e\udd26\ud83d\ude02 Frohe Ostern Freunde \ud83d\ude4f\u2764\ufe0f\" width=\"840\" height=\"473\" src=\"https:\/\/www.youtube.com\/embed\/CXXgZkjEVHU?feature=oembed\" frameborder=\"0\" allow=\"accelerometer; autoplay; clipboard-write; encrypted-media; gyroscope; picture-in-picture; web-share\" referrerpolicy=\"strict-origin-when-cross-origin\" allowfullscreen><\/iframe>\n<\/div><\/figure>\n\n\n\n<figure class=\"wp-block-embed is-type-video is-provider-youtube wp-block-embed-youtube wp-embed-aspect-16-9 wp-has-aspect-ratio\"><div class=\"wp-block-embed__wrapper\">\n<iframe loading=\"lazy\" title=\"\ud83d\udcaa Wochenr\u00fcckblick der erschreckt \ud83e\udd26\" width=\"840\" height=\"473\" src=\"https:\/\/www.youtube.com\/embed\/XhtAk4WQRD4?start=2&#038;feature=oembed\" frameborder=\"0\" allow=\"accelerometer; autoplay; clipboard-write; encrypted-media; gyroscope; picture-in-picture; web-share\" referrerpolicy=\"strict-origin-when-cross-origin\" allowfullscreen><\/iframe>\n<\/div><\/figure>\n\n\n\n<figure class=\"wp-block-embed is-type-video is-provider-youtube wp-block-embed-youtube wp-embed-aspect-16-9 wp-has-aspect-ratio\"><div class=\"wp-block-embed__wrapper\">\n<iframe loading=\"lazy\" title=\"Wochenr\u00fcckblick \u201eOsterhase\u201c de luxe \ud83d\ude02\" width=\"840\" height=\"473\" src=\"https:\/\/www.youtube.com\/embed\/QZ4VvraiXCk?feature=oembed\" frameborder=\"0\" allow=\"accelerometer; autoplay; clipboard-write; encrypted-media; gyroscope; picture-in-picture; web-share\" referrerpolicy=\"strict-origin-when-cross-origin\" allowfullscreen><\/iframe>\n<\/div><\/figure>\n\n\n\n<figure class=\"wp-block-embed is-type-video is-provider-youtube wp-block-embed-youtube wp-embed-aspect-16-9 wp-has-aspect-ratio\"><div class=\"wp-block-embed__wrapper\">\n<iframe loading=\"lazy\" title=\"B\u00f6hmermann dreht durch.Wochenr\u00fcckblick mit Wolfspezial!\" width=\"840\" height=\"473\" src=\"https:\/\/www.youtube.com\/embed\/vhFwfD2ubpU?feature=oembed\" frameborder=\"0\" allow=\"accelerometer; autoplay; clipboard-write; encrypted-media; gyroscope; picture-in-picture; web-share\" referrerpolicy=\"strict-origin-when-cross-origin\" allowfullscreen><\/iframe>\n<\/div><\/figure>\n\n\n\n<figure class=\"wp-block-embed is-type-video is-provider-youtube wp-block-embed-youtube wp-embed-aspect-16-9 wp-has-aspect-ratio\"><div class=\"wp-block-embed__wrapper\">\n<iframe loading=\"lazy\" title=\"Wochenr\u00fcckblick ehrlich aber hart in der Sache \ud83d\udc4d\" width=\"840\" height=\"473\" src=\"https:\/\/www.youtube.com\/embed\/0gJSfKRPMe4?feature=oembed\" frameborder=\"0\" allow=\"accelerometer; autoplay; clipboard-write; encrypted-media; gyroscope; picture-in-picture; web-share\" referrerpolicy=\"strict-origin-when-cross-origin\" allowfullscreen><\/iframe>\n<\/div><\/figure>\n\n\n\n<figure class=\"wp-block-embed is-type-video is-provider-youtube wp-block-embed-youtube wp-embed-aspect-16-9 wp-has-aspect-ratio\"><div class=\"wp-block-embed__wrapper\">\n<iframe loading=\"lazy\" title=\"Wochenr\u00fcckblick des \ud83c\udde9\ud83c\uddea- Wahnsinns \ud83d\ude02\" width=\"840\" height=\"473\" src=\"https:\/\/www.youtube.com\/embed\/Sg08YprNeeQ?feature=oembed\" frameborder=\"0\" allow=\"accelerometer; autoplay; clipboard-write; encrypted-media; gyroscope; picture-in-picture; web-share\" referrerpolicy=\"strict-origin-when-cross-origin\" allowfullscreen><\/iframe>\n<\/div><\/figure>\n\n\n\n<figure class=\"wp-block-embed is-type-video is-provider-youtube wp-block-embed-youtube wp-embed-aspect-16-9 wp-has-aspect-ratio\"><div class=\"wp-block-embed__wrapper\">\n<iframe loading=\"lazy\" title=\"Wochenr\u00fcckblick, was nun \ud83c\udde9\ud83c\uddea. Lachen oder handeln?\" width=\"840\" height=\"473\" src=\"https:\/\/www.youtube.com\/embed\/L8OzBGZsSus?feature=oembed\" frameborder=\"0\" allow=\"accelerometer; autoplay; clipboard-write; encrypted-media; gyroscope; picture-in-picture; web-share\" referrerpolicy=\"strict-origin-when-cross-origin\" allowfullscreen><\/iframe>\n<\/div><\/figure>\n\n\n\n<figure class=\"wp-block-embed is-type-video is-provider-youtube wp-block-embed-youtube wp-embed-aspect-16-9 wp-has-aspect-ratio\"><div class=\"wp-block-embed__wrapper\">\n<iframe loading=\"lazy\" title=\"Schock und L\u00e4cherlichkeit in \ud83c\udde9\ud83c\uddea. Wochenr\u00fcckblick\" width=\"840\" height=\"473\" src=\"https:\/\/www.youtube.com\/embed\/lAN_nW4LsRQ?feature=oembed\" frameborder=\"0\" allow=\"accelerometer; autoplay; clipboard-write; encrypted-media; gyroscope; picture-in-picture; web-share\" referrerpolicy=\"strict-origin-when-cross-origin\" allowfullscreen><\/iframe>\n<\/div><\/figure>\n\n\n\n<figure class=\"wp-block-embed is-type-video is-provider-youtube wp-block-embed-youtube wp-embed-aspect-16-9 wp-has-aspect-ratio\"><div class=\"wp-block-embed__wrapper\">\n<iframe loading=\"lazy\" title=\"\u26a0\ufe0f Totlachgefahr- Wochenr\u00fcckblick\" width=\"840\" height=\"473\" src=\"https:\/\/www.youtube.com\/embed\/Ar6t3buQ5jI?feature=oembed\" frameborder=\"0\" allow=\"accelerometer; autoplay; clipboard-write; encrypted-media; gyroscope; picture-in-picture; web-share\" referrerpolicy=\"strict-origin-when-cross-origin\" allowfullscreen><\/iframe>\n<\/div><\/figure>\n\n\n\n<figure class=\"wp-block-embed is-type-video is-provider-youtube wp-block-embed-youtube wp-embed-aspect-16-9 wp-has-aspect-ratio\"><div class=\"wp-block-embed__wrapper\">\n<iframe loading=\"lazy\" title=\"Das glaubst du nicht. Was f\u00fcr Zeiten\ud83d\ude33\" width=\"840\" height=\"473\" src=\"https:\/\/www.youtube.com\/embed\/RlGhmpqWdQw?feature=oembed\" frameborder=\"0\" allow=\"accelerometer; autoplay; clipboard-write; encrypted-media; gyroscope; picture-in-picture; web-share\" referrerpolicy=\"strict-origin-when-cross-origin\" allowfullscreen><\/iframe>\n<\/div><\/figure>\n\n\n\n<figure class=\"wp-block-embed is-type-video is-provider-youtube wp-block-embed-youtube wp-embed-aspect-16-9 wp-has-aspect-ratio\"><div class=\"wp-block-embed__wrapper\">\n<iframe loading=\"lazy\" title=\"Der Wochenr\u00fcckblick bedeutet \u00c4rger \ud83d\ude33\" width=\"840\" height=\"473\" src=\"https:\/\/www.youtube.com\/embed\/ceanUoccpuk?feature=oembed\" frameborder=\"0\" allow=\"accelerometer; autoplay; clipboard-write; encrypted-media; gyroscope; picture-in-picture; web-share\" referrerpolicy=\"strict-origin-when-cross-origin\" allowfullscreen><\/iframe>\n<\/div><\/figure>\n\n\n\n<figure class=\"wp-block-embed is-type-video is-provider-youtube wp-block-embed-youtube wp-embed-aspect-16-9 wp-has-aspect-ratio\"><div class=\"wp-block-embed__wrapper\">\n<iframe loading=\"lazy\" title=\"\u26a0\ufe0f nichts f\u00fcr Gr\u00fcne, Realit\u00e4tsverweigerer und woke Spinner!\" width=\"840\" height=\"473\" src=\"https:\/\/www.youtube.com\/embed\/CZy9rTED8jY?start=511&#038;feature=oembed\" frameborder=\"0\" allow=\"accelerometer; autoplay; clipboard-write; encrypted-media; gyroscope; picture-in-picture; web-share\" referrerpolicy=\"strict-origin-when-cross-origin\" allowfullscreen><\/iframe>\n<\/div><\/figure>\n\n\n\n<figure class=\"wp-block-embed is-type-video is-provider-youtube wp-block-embed-youtube wp-embed-aspect-16-9 wp-has-aspect-ratio\"><div class=\"wp-block-embed__wrapper\">\n<iframe loading=\"lazy\" title=\"Der lustige Jahresr\u00fcckblick in \ud83c\udde9\ud83c\uddea mit Christian. Danke f\u00fcr eure Unterst\u00fctzung \u2764\ufe0f\" width=\"840\" height=\"473\" src=\"https:\/\/www.youtube.com\/embed\/gixVWBOQ80w?start=3910&#038;feature=oembed\" frameborder=\"0\" allow=\"accelerometer; autoplay; clipboard-write; encrypted-media; gyroscope; picture-in-picture; web-share\" referrerpolicy=\"strict-origin-when-cross-origin\" allowfullscreen><\/iframe>\n<\/div><\/figure>\n\n\n\n<figure class=\"wp-block-embed is-type-video is-provider-youtube wp-block-embed-youtube wp-embed-aspect-16-9 wp-has-aspect-ratio\"><div class=\"wp-block-embed__wrapper\">\n<iframe loading=\"lazy\" title=\"Geh\u00f6rschutz \u261d\ufe0fWochenr\u00fcckblick Christian dreht durch \ud83d\ude02\" width=\"840\" height=\"473\" src=\"https:\/\/www.youtube.com\/embed\/o7JqNUjjG2c?feature=oembed\" frameborder=\"0\" allow=\"accelerometer; autoplay; clipboard-write; encrypted-media; gyroscope; picture-in-picture; web-share\" referrerpolicy=\"strict-origin-when-cross-origin\" allowfullscreen><\/iframe>\n<\/div><\/figure>\n\n\n\n<figure class=\"wp-block-embed is-type-video is-provider-youtube wp-block-embed-youtube wp-embed-aspect-16-9 wp-has-aspect-ratio\"><div class=\"wp-block-embed__wrapper\">\n<iframe loading=\"lazy\" title=\"Der traurigste Wochenr\u00fcckblick. Was nun \ud83c\udde9\ud83c\uddea. Wie w\u00e4re es mit \u2026\u2026\u2026\u2026..\" width=\"840\" height=\"473\" src=\"https:\/\/www.youtube.com\/embed\/pRiBypCL6SQ?start=1805&#038;feature=oembed\" frameborder=\"0\" allow=\"accelerometer; autoplay; clipboard-write; encrypted-media; gyroscope; picture-in-picture; web-share\" referrerpolicy=\"strict-origin-when-cross-origin\" allowfullscreen><\/iframe>\n<\/div><\/figure>\n\n\n\n<figure class=\"wp-block-embed is-type-video is-provider-youtube wp-block-embed-youtube wp-embed-aspect-16-9 wp-has-aspect-ratio\"><div class=\"wp-block-embed__wrapper\">\n<iframe loading=\"lazy\" title=\"Verr\u00fccktester Wochenr\u00fcckblick ever \ud83e\udd26. Euch allen einen sch\u00f6nen 3. Advent \ud83c\udf84\ud83d\udd6f\ufe0f\" width=\"840\" height=\"473\" src=\"https:\/\/www.youtube.com\/embed\/S9_qEP-qfSo?feature=oembed\" frameborder=\"0\" allow=\"accelerometer; autoplay; clipboard-write; encrypted-media; gyroscope; picture-in-picture; web-share\" referrerpolicy=\"strict-origin-when-cross-origin\" allowfullscreen><\/iframe>\n<\/div><\/figure>\n\n\n\n<figure class=\"wp-block-embed is-type-video is-provider-youtube wp-block-embed-youtube wp-embed-aspect-16-9 wp-has-aspect-ratio\"><div class=\"wp-block-embed__wrapper\">\n<iframe loading=\"lazy\" title=\"Wochenr\u00fcckblick Deluxe. Regierungschef sagt die Wahrheit. Unglaublich \ud83d\ude33\" width=\"840\" height=\"473\" src=\"https:\/\/www.youtube.com\/embed\/sVmP1dRs9WE?feature=oembed\" frameborder=\"0\" allow=\"accelerometer; autoplay; clipboard-write; encrypted-media; gyroscope; picture-in-picture; web-share\" referrerpolicy=\"strict-origin-when-cross-origin\" allowfullscreen><\/iframe>\n<\/div><\/figure>\n\n\n\n<figure class=\"wp-block-embed is-type-video is-provider-youtube wp-block-embed-youtube wp-embed-aspect-16-9 wp-has-aspect-ratio\"><div class=\"wp-block-embed__wrapper\">\n<iframe loading=\"lazy\" title=\"Was willst du dazu noch sagen? Wochenr\u00fcckblick des Wahnsinns \ud83e\udd26\" width=\"840\" height=\"473\" src=\"https:\/\/www.youtube.com\/embed\/9y0zojq3WMk?start=1536&#038;feature=oembed\" frameborder=\"0\" allow=\"accelerometer; autoplay; clipboard-write; encrypted-media; gyroscope; picture-in-picture; web-share\" referrerpolicy=\"strict-origin-when-cross-origin\" allowfullscreen><\/iframe>\n<\/div><\/figure>\n\n\n\n<figure class=\"wp-block-embed is-type-video is-provider-youtube wp-block-embed-youtube wp-embed-aspect-16-9 wp-has-aspect-ratio\"><div class=\"wp-block-embed__wrapper\">\n<iframe loading=\"lazy\" title=\"Wochenr\u00fcckblick aber heftig! FSK 18 \ud83d\ude02. Merkt euch den Demotermin\ud83e\udd26\" width=\"840\" height=\"473\" src=\"https:\/\/www.youtube.com\/embed\/L47ohbtucp8?start=1821&#038;feature=oembed\" frameborder=\"0\" allow=\"accelerometer; autoplay; clipboard-write; encrypted-media; gyroscope; picture-in-picture; web-share\" referrerpolicy=\"strict-origin-when-cross-origin\" allowfullscreen><\/iframe>\n<\/div><\/figure>\n","protected":false},"excerpt":{"rendered":"<p>&#8230;ehrlich zusammengefasst&#8230;<\/p>\n","protected":false},"author":1,"featured_media":0,"parent":0,"menu_order":0,"comment_status":"closed","ping_status":"closed","template":"","meta":{"footnotes":""},"class_list":["post-174","page","type-page","status-publish","hentry"],"jetpack_sharing_enabled":true,"_links":{"self":[{"href":"https:\/\/facts.ath.cx\/facts-and-media\/wp-json\/wp\/v2\/pages\/174","targetHints":{"allow":["GET"]}}],"collection":[{"href":"https:\/\/facts.ath.cx\/facts-and-media\/wp-json\/wp\/v2\/pages"}],"about":[{"href":"https:\/\/facts.ath.cx\/facts-and-media\/wp-json\/wp\/v2\/types\/page"}],"author":[{"embeddable":true,"href":"https:\/\/facts.ath.cx\/facts-and-media\/wp-json\/wp\/v2\/users\/1"}],"replies":[{"embeddable":true,"href":"https:\/\/facts.ath.cx\/facts-and-media\/wp-json\/wp\/v2\/comments?post=174"}],"version-history":[{"count":8,"href":"https:\/\/facts.ath.cx\/facts-and-media\/wp-json\/wp\/v2\/pages\/174\/revisions"}],"predecessor-version":[{"id":197,"href":"https:\/\/facts.ath.cx\/facts-and-media\/wp-json\/wp\/v2\/pages\/174\/revisions\/197"}],"wp:attachment":[{"href":"https:\/\/facts.ath.cx\/facts-and-media\/wp-json\/wp\/v2\/media?parent=174"}],"curies":[{"name":"wp","href":"https:\/\/api.w.org\/{rel}","templated":true}]}}